{"id":269,"date":"2023-09-04T12:39:50","date_gmt":"2023-09-04T15:39:50","guid":{"rendered":"https:\/\/inovaartprint.com.br\/?post_type=product&#038;p=269"},"modified":"2023-09-04T12:45:52","modified_gmt":"2023-09-04T15:45:52","slug":"canecas-magica","status":"publish","type":"product","link":"https:\/\/inovaartprint.com.br\/index.php\/produto\/canecas-magica\/","title":{"rendered":"Canecas M\u00c1GICA"},"content":{"rendered":"<p>Caneca porcelana M\u00c1GICA.<\/p>\n<p>Transforme seu momento em algo ainda mais especial, esta caneca revela imagem ao ser adicionado l\u00edquidos quentes em seu interior.<\/p>\n<p>Enviamos sua caneca no pr\u00f3ximo dia \u00fatil ap\u00f3s sua compra.<\/p>\n<p>Pode ir ao micro-ondas &#8211; <strong>SIM<\/strong><\/p>\n<p>A foto do an\u00fancio mostra os lados da mesma caneca.<\/p>\n<p>Modelos \/ Estampa.<\/p>\n<h5><strong>MODELO: AP\u00d3S COMPRA NOS ENVIE A IMAGEM QUE DESEJA PARA SUA CANECA.<\/strong><\/h5>\n<h5>*****************************<br \/>\n<strong>ESPECIFICA\u00c7\u00d5ES.<\/strong><\/h5>\n<p><strong>Capacidade: 350 ml<\/strong><br \/>\n<strong>Peso: 350 g<\/strong><br \/>\n<strong>Altura: 10 cm<\/strong><br \/>\n<strong>Di\u00e2metro de Borda: 8 cm<\/strong><br \/>\n<strong>Circunfer\u00eancia: 27 cm<\/strong><br \/>\n<strong>Material: Porcelana<\/strong><\/p>\n<p>&nbsp;<\/p>\n<h4>Cuidados:<\/h4>\n<p><strong>Ao lavar sua caneca, n\u00e3o esfregar material abrasivo em seu exterior.<\/strong><\/p>\n<p><strong>N\u00e3o lavar em maquina.<\/strong><\/p>\n<p><strong>N\u00e3o raspar resina externa.<\/strong><\/p>\n","protected":false},"excerpt":{"rendered":"<p>Caneca porcelana M\u00c1GICA. Transforme seu momento em algo ainda mais especial, esta caneca revela imagem ao ser adicionado l\u00edquidos quentes&hellip;<\/p>\n","protected":false},"featured_media":270,"comment_status":"open","ping_status":"closed","template":"","meta":[],"product_brand":[],"product_cat":[18],"product_tag":[17],"class_list":{"0":"post-269","1":"product","2":"type-product","3":"status-publish","4":"has-post-thumbnail","6":"product_cat-canecas-personalizadas","7":"product_tag-caneca-procelana","9":"first","10":"instock","11":"taxable","12":"shipping-taxable","13":"purchasable","14":"product-type-simple"},"_links":{"self":[{"href":"https:\/\/inovaartprint.com.br\/index.php\/wp-json\/wp\/v2\/product\/269","targetHints":{"allow":["GET"]}}],"collection":[{"href":"https:\/\/inovaartprint.com.br\/index.php\/wp-json\/wp\/v2\/product"}],"about":[{"href":"https:\/\/inovaartprint.com.br\/index.php\/wp-json\/wp\/v2\/types\/product"}],"replies":[{"embeddable":true,"href":"https:\/\/inovaartprint.com.br\/index.php\/wp-json\/wp\/v2\/comments?post=269"}],"wp:featuredmedia":[{"embeddable":true,"href":"https:\/\/inovaartprint.com.br\/index.php\/wp-json\/wp\/v2\/media\/270"}],"wp:attachment":[{"href":"https:\/\/inovaartprint.com.br\/index.php\/wp-json\/wp\/v2\/media?parent=269"}],"wp:term":[{"taxonomy":"product_brand","embeddable":true,"href":"https:\/\/inovaartprint.com.br\/index.php\/wp-json\/wp\/v2\/product_brand?post=269"},{"taxonomy":"product_cat","embeddable":true,"href":"https:\/\/inovaartprint.com.br\/index.php\/wp-json\/wp\/v2\/product_cat?post=269"},{"taxonomy":"product_tag","embeddable":true,"href":"https:\/\/inovaartprint.com.br\/index.php\/wp-json\/wp\/v2\/product_tag?post=269"}],"curies":[{"name":"wp","href":"https:\/\/api.w.org\/{rel}","templated":true}]}}