{"id":461,"date":"2024-07-23T20:58:09","date_gmt":"2024-07-23T23:58:09","guid":{"rendered":"https:\/\/inovaartprint.com.br\/?post_type=product&#038;p=461"},"modified":"2025-10-22T20:50:11","modified_gmt":"2025-10-22T23:50:11","slug":"saco-sos-20k-gg-80g-liso-24x37x16-pack-c-100","status":"publish","type":"product","link":"https:\/\/inovaartprint.com.br\/index.php\/produto\/saco-sos-20k-gg-80g-liso-24x37x16-pack-c-100\/","title":{"rendered":"Saco SOS 20k GG 80g liso 24x37x16 pack c\/ 100"},"content":{"rendered":"<p><strong>Descri\u00e7\u00e3o<\/strong><\/p>\n<p><strong>SACO PAPEL KRAFIT SOS 20K GG PACOTE COM 100 LISO:<\/strong><\/p>\n<p>Saco para delivery personalizado com logo da sua empresa, sua embalagem diferenciada.<\/p>\n<p>pode ser personalizado de acordo com sua escolha.<\/p>\n<p>SOMENTE FRENTE<\/p>\n<p>FRENTE \/ VERSO E LATERAIS<\/p>\n<p>Tema: <strong>SACO PAPEL KRAFIT 80G<\/strong><br \/>\n*****************************<br \/>\n<strong>ESPECIFICA\u00c7\u00d5ES.<\/strong><\/p>\n<p><strong>Material: PAPEL KRAFIT 80G<\/strong><br \/>\n<strong>Altura: 37<\/strong><\/p>\n<p><strong>Largura: 24<br \/>\n<\/strong><\/p>\n<p><strong>Lateral: 16<\/strong><\/p>\n<p><strong>Primeiro pedido. Ser\u00e1 criado a matriz de impress\u00e3o. (cada cor uma matriz)<\/strong><\/p>\n<p><strong>Para pedidos recorrentes as matrizes ficam armazenadas sem necessidade de nova cria\u00e7\u00e3o.<\/strong><\/p>\n<p><strong>Pode solicitar matriz: SIM; caso n\u00e3o seja recorrente a matriz ser\u00e1 enviada.<\/strong><\/p>\n<p><strong>TEMPO DE PRODU\u00c7\u00c3O DE ACORDO COM A QTDE INFORMAREMOS AP\u00d3S APROVA\u00c7\u00c3O.<br \/>\n<\/strong><\/p>\n","protected":false},"excerpt":{"rendered":"<p>Descri\u00e7\u00e3o SACO PAPEL KRAFIT SOS 20K GG PACOTE COM 100 LISO: Saco para delivery personalizado com logo da sua empresa,&hellip;<\/p>\n","protected":false},"featured_media":462,"comment_status":"open","ping_status":"closed","template":"","meta":[],"product_brand":[],"product_cat":[23],"product_tag":[49],"class_list":{"0":"post-461","1":"product","2":"type-product","3":"status-publish","4":"has-post-thumbnail","6":"product_cat-embalagens","7":"product_tag-saco-para-delivery-krafit","9":"first","10":"onbackorder","11":"taxable","12":"shipping-taxable","13":"purchasable","14":"product-type-simple"},"_links":{"self":[{"href":"https:\/\/inovaartprint.com.br\/index.php\/wp-json\/wp\/v2\/product\/461","targetHints":{"allow":["GET"]}}],"collection":[{"href":"https:\/\/inovaartprint.com.br\/index.php\/wp-json\/wp\/v2\/product"}],"about":[{"href":"https:\/\/inovaartprint.com.br\/index.php\/wp-json\/wp\/v2\/types\/product"}],"replies":[{"embeddable":true,"href":"https:\/\/inovaartprint.com.br\/index.php\/wp-json\/wp\/v2\/comments?post=461"}],"wp:featuredmedia":[{"embeddable":true,"href":"https:\/\/inovaartprint.com.br\/index.php\/wp-json\/wp\/v2\/media\/462"}],"wp:attachment":[{"href":"https:\/\/inovaartprint.com.br\/index.php\/wp-json\/wp\/v2\/media?parent=461"}],"wp:term":[{"taxonomy":"product_brand","embeddable":true,"href":"https:\/\/inovaartprint.com.br\/index.php\/wp-json\/wp\/v2\/product_brand?post=461"},{"taxonomy":"product_cat","embeddable":true,"href":"https:\/\/inovaartprint.com.br\/index.php\/wp-json\/wp\/v2\/product_cat?post=461"},{"taxonomy":"product_tag","embeddable":true,"href":"https:\/\/inovaartprint.com.br\/index.php\/wp-json\/wp\/v2\/product_tag?post=461"}],"curies":[{"name":"wp","href":"https:\/\/api.w.org\/{rel}","templated":true}]}}